-i + 5*i, -i - 5*d + 17 = 0. Suppose 0 = m + i*l + 44, -5*l = m - 0*l + 32. What is the units digit of (m/(-2))/2 - -1?
4
Let w(b) = b**3 + 15*b**2 - 4*b + 10. What is the hundreds digit of w(-12)?
4
Let b(l) = -l**3 + 11*l**2 - 13*l + 9. What is the hundreds digit of b(6)?
1
What is the hundreds digit of 1/(((-14)/1538)/(-7))?
7
Let f(u) be the second derivative of u**4/12 - u**3/6 - 11*u**2/2 + 12*u. What is the units digit of f(12)?
1
Suppose 1551 = 28*d - 16453. What is the units digit of d?
3
Suppose 163*p - 39824 = 147*p. What is the units digit of p?
9
Suppose 16*a = 4*a + 19524. What is the tens digit of a?
2
Let x(c) = 2*c**2 - c + 2. Let l be 3*((-7)/(-3) + -2). Let v be 2/(1*l/(-1)). What is the tens digit of x(v)?
1
Suppose -s - 50 = -0*s. Let r = s - -101. What is the units digit of r?
1
Let z(r) = 16*r + 70. What is the tens digit of z(31)?
6
Let c(y) = -137*y. Let b = 71 + -72. What is the units digit of c(b)?
7
Let f be 219/1 - (-18 + 18). Suppose 0 = -12*y + 9*y + f. What is the tens digit of y?
7
Suppose 8*h - 10*h = 2*g + 6, -5*g - 25 = 0. Suppose 4*a = 5*v - 304 + 959, h*a - 3*v - 327 = 0. What is the units digit of a?
5
What is the tens digit of (2431*16/(-40))/(1/(-5))?
6
Suppose -6*t + 1836 = -3*t. What is the tens digit of t?
1
Suppose 1394 + 1810 = 4*o. What is the units digit of o?
1
Let z(s) = s**2 + 7*s + 6. Let x be z(-6). Suppose x = -2*t + 6 + 14. What is the tens digit of t?
1
Suppose -6951 - 6020 = -17*r. What is the units digit of r?
3
Let l = 1399 + -184. What is the tens digit of l?
1
Suppose -2*f + 88 = 2*f. Let k be f - (8/4 - -2). Suppose -3*c = 3*b - k, 5*c + 0*c = -b - 14. What is the tens digit of b?
1
Let d be ((-15)/(-4))/(45/240). Let x = d - 15. What is the units digit of x?
5
Let o(r) = r**3 + 8*r**2 + 9*r + 8. Let p be o(-6). Suppose 0 = 3*z - p - 10. Suppose -138 = 10*v - z*v. What is the tens digit of v?
6
Let w = 124 + -70. What is the tens digit of w?
5
Suppose 5*o - 4*p - 2692 = 0, 3*o + 5*p - 608 - 985 = 0. What is the tens digit of o?
3
Let s(d) = -6*d**3 + 6*d**2 + 6*d - 20. What is the tens digit of s(-5)?
5
Suppose -3*g = -0*g. Let d be -1 + g/(-1) + 36. What is the units digit of (-254)/(-7) - 10/d?
6
Suppose 0*z + 4 = 2*z. Suppose 20 = 4*s, -z*v - s - 83 = -4*v. What is the tens digit of v?
4
What is the hundreds digit of 26592/(-120)*(-10)/4?
5
Let s(d) = -3*d - 7. Let p be s(-4). Suppose -2*a - p*i = -a + 19, 0 = i + 3. Let x(j) = 5*j**2 + 5*j - 1. What is the tens digit of x(a)?
5
Let n be 435 + 1 + (2 - 6). Let t = n - 302. What is the hundreds digit of t?
1
Suppose -10*m + 11*m - 519 = 0. What is the hundreds digit of m?
5
Suppose 0 = -2*p - 4*p + 12. Suppose 0 = -6*x + p*x + 308. What is the units digit of x?
7
Let a be ((-3)/(-5))/((-8)/40). What is the units digit of 142*(-3)/(-3 + a)?
1
Let y = 1983 + -901. What is the units digit of y?
2
Suppose 42*g - 20618 = 2356. What is the hundreds digit of g?
5
Suppose a - 34 = 3*h, 5*a + h = 3*h + 170. Suppose 0 = -i - 5*f + a, 353 = 5*i - f + 79. What is the units digit of i?
4
Let j(o) = -o + 13. Let f be j(8). Let u be 171 - ((-9)/(-36) - 18/8). Suppose h + u = 5*p - 72, 4*p - 196 = -f*h. What is the units digit of p?
9
Suppose -6 = 3*q, -2039 = -27*x + 26*x + q. What is the tens digit of x?
3
Let o(h) be the first derivative of h**3/3 - 4*h**2 + 8*h - 2. Suppose -3*g + 6 = -5*z, -5*z + 21 = g - 1. What is the units digit of o(g)?
1
Let g(a) = a**3 + 4*a**2 - 6*a - 1. Let i be g(-5). Let y(s) = i*s - 17 - 4*s - 9*s + s**2. What is the units digit of y(13)?
5
Let o be 1/((4 - 2)/10). Suppose -2*s - 2*s = 5*n + 78, -o*n = 10. Let w = s + 59. What is the units digit of w?
2
Let n(g) = 15*g - 1. Let j(y) = -y**2 + 14*y - 1. Let f be j(14). Let t be n(f). What is the units digit of (t/14)/(2/(-14))?
8
Let g be 89*1/(-4)*-4. Suppose j + g - 32 = 0. Let v = -27 - j. What is the tens digit of v?
3
Let l = 450 + 105. What is the hundreds digit of l?
5
Let k = 11 - 27. Let y be (4 - 4) + -3 - k. Let c = 28 + y. What is the tens digit of c?
4
Let v = 102 + -92. Let l = 2 + 1. Suppose -2*m + v = l*n, -m + 5 + 0 = n. What is the units digit of m?
5
Suppose 0 = 5*l - 52 - 63. Let y = -26 + l. What is the units digit of y*16*3/(-9)?
6
Let f be (14/(-4))/((-3)/6). Let t be ((-2)/8)/(f/(-84)). Suppose t*q - 6*q = -66. What is the tens digit of q?
2
Let h(f) be the second derivative of 0 - 5*f + 17/2*f**2 + 1/20*f**5 - 13/6*f**3 + 13/12*f**4. What is the units digit of h(-14)?
3
Let j = -231 - -1229. What is the tens digit of j?
9
What is the tens digit of 8/36 - (964/(-36) - 0)?
2
Suppose 0 = 38*x - 26*x - 33396. What is the tens digit of x?
8
Let s(y) = 4*y**2 + 5*y + 16. What is the tens digit of s(-6)?
3
Let c = -239 - -1752. What is the thousands digit of c?
1
Suppose -4*o = 5*v - 3552 + 664, o = 2*v - 1150. What is the hundreds digit of v?
5
Let b be 23/(-46) - ((-22)/(-4))/(-1). Suppose -5*q + 2*a + 56 + 300 = 0, b*q = 4*a + 352. What is the tens digit of q?
7
Suppose 17*j - 54 = -v + 13*j, 3*v - j - 123 = 0. What is the tens digit of v?
4
Suppose 5 = -4*t - 19. Let w = 4 + t. Let o(u) = 11*u**2 - 2. What is the units digit of o(w)?
2
Let o = 673 + -367. Suppose -o = -6*x + 2*x - t, -2*x - 3*t + 158 = 0. Let c = x + -41. What is the units digit of c?
5
Let i(o) = 75*o - 33. What is the units digit of i(8)?
7
Let s(r) = 2*r**2 - r + 3. Let n be s(2). Let v be (-562)/(-6) - 6/n. Suppose -3*y + 131 = z, y - 3*y + 5*z = -v. What is the units digit of y?
4
Let q(c) = 4 - 1 + 5*c - c + c**2 - 6*c + c**3. What is the tens digit of q(2)?
1
Let f(j) = -2*j**3 - 14*j**2 - 19*j + 3. What is the tens digit of f(-8)?
8
Let q = -94 + 178. Suppose -4*h + q = -h. Suppose 0 = 4*o - h - 4. What is the units digit of o?
8
Suppose 5 + 3 = 2*d. Let w be -5*((-288)/15)/d. Suppose 0 = -6*s + 5*s + w. What is the units digit of s?
4
Let s(a) = 46*a**2 + 17*a + 73. What is the thousands digit of s(-7)?
2
Let u(i) = 26*i + 20. Let x be u(-15). Let t = -17 - x. What is the tens digit of t?
5
Suppose 2*y - 518 = 2*t, -2*t + 5*y + 183 = 698. What is the units digit of (t/25)/(3/(-15))?
2
Suppose 0 = -v + 2*o + 1318, 3*v - 5*o - 1650 - 2304 = 0. What is the thousands digit of v?
1
Suppose 29 = u + 26. Suppose -p + 148 = u*p. What is the tens digit of p?
3
Suppose 15*b - 9*b = 24. What is the units digit of b/(-14) - (-436)/7?
2
What is the hundreds digit of (19215/(-20))/(-7) - 5/20?
1
Suppose -5*v - 14869 + 2281 = -4*g, -6284 = -2*g + 5*v. What is the tens digit of g?
5
Let h = 6108 - 3498. What is the tens digit of h?
1
Let y be 1/((-4 - -6)/226). Suppose -r + 4*l + 68 = 0, -2*r + 3*r + 5*l = y. What is the tens digit of r?
8
Suppose -3*z + d = 6*d - 452, 724 = 5*z + d. Let p be 6/(-15) - (-365)/(-25). What is the tens digit of (z/p)/((-3)/15)?
4
Suppose 3*t - 65 = 145. Suppose n - 5*s - 33 - t = 0, 2*s = -n + 68. What is the units digit of n?
8
Suppose 2*p - 4*r - 815 = 181, 2*p = -3*r + 996. What is the units digit of p?
8
Let b(h) be the second derivative of -h**3/6 + 5*h**2 - 18*h. What is the units digit of b(6)?
4
Suppose 5*i = 5*t - 4495 - 2280, 0 = 4*t - 3*i - 5420. What is the tens digit of t?
5
Let h = -200 - -753. What is the tens digit of h?
5
Suppose 5 - 25 = -4*p. Suppose -3*i + 16 = -p*i. Let r = 24 + i. What is the units digit of r?
6
Let i be 45*(-4 + (-88)/(-20)). Suppose c + i - 7 = 0. Let t = -8 - c. What is the units digit of t?
3
Suppose -20*b + 24804 + 5476 = 0. What is the tens digit of b?
1
Let k(h) = 2*h**3 - 4*h**2 + 9*h - 6. What is the tens digit of k(8)?
3
Let u(b) be the third derivative of -5*b**4/6 + 23*b**3/6 + 26*b**2. What is the units digit of u(-11)?
3
Suppose -2*m + 5*x = 2*m + 7, m + x = 5. Let u(p) = -13 + 3*p**m - 3*p**2 + p**3 - 8*p**2 + 0*p - 2*p. What is the units digit of u(9)?
0
Let r(s) = s**3 - 7*s**2 - 17*s - 3. Let d be r(8). What is the units digit of (326 - 1)*(-10)/d*3?
0
Let v be -2 + (441 - (-1 - -1)). Let h = v + -312. Suppose -2*r = -r + 1, -r + h = 4*i. What is the tens digit of i?
3
Suppose -1151 = -12*k + 1321. What is the hundreds digit of k?
2
Suppose 4*d - 5*n = -3*n + 10, 16 = d - 5*n. Let i(g) = 35*g**3 + 3*g**2 - 3*g + 1. What is the tens digit of i(d)?
3
Suppose 5*s + 5580 = 8*s + 3*d, -5585 = -3*s